oes 39 divide 16969056?
True
Does 21 divide 528255?
True
Does 2 divide 2380?
True
Is 21 a factor of 10794?
True
Is 5 a factor of 73635?
True
Does 102 divide 40997?
False
Does 138 divide 17604522?
True
Does 26 divide 700102?
True
Is 499 a factor of 244510?
True
Is 13 a factor of 3161444?
True
Does 150 divide 7950?
True
Is 2125356 a multiple of 834?
False
Is 104 a factor of 168814?
False
Is 115471 a multiple of 5?
False
Does 38 divide 6004332?
False
Does 92 divide 1490308?
True
Is 387 a factor of 104877?
True
Is 72517 a multiple of 2?
False
Is 2001064 a multiple of 122?
False
Does 464 divide 385570?
False
Is 447755 a multiple of 9?
False
Is 22 a factor of 218614?
True
Does 347 divide 1106321?
False
Is 245006 a multiple of 11?
False
Is 211 a factor of 271768?
True
Is 66 a factor of 263104?
False
Is 9 a factor of 1607123?
False
Is 261235 a multiple of 13?
True
Is 14 a factor of 662982?
False
Is 13 a factor of 28912?
True
Is 10 a factor of 8724683?
False
Does 14 divide 2492?
True
Does 614 divide 1530007?
False
Is 963 a factor of 207045?
True
Is 244 a factor of 7598075?
False
Is 6672 a multiple of 3?
True
Is 8 a factor of 9195677?
False
Is 134 a factor of 1307438?
True
Does 4 divide 12800?
True
Is 25 a factor of 98037?
False
Is 20 a factor of 5036?
False
Is 5656380 a multiple of 20?
True
Does 227 divide 1013328?
True
Does 68 divide 649128?
True
Is 61 a factor of 474702?
True
Is 4 a factor of 555608?
True
Is 118664 a multiple of 26?
True
Is 1342 a factor of 2770590?
False
Is 21 a factor of 1382197?
False
Is 72523 a multiple of 19?
True
Is 66 a factor of 202224?
True
Does 207 divide 2399751?
True
Does 26 divide 153738?
True
Does 9 divide 30418?
False
Does 8 divide 668486?
False
Does 45 divide 57392?
False
Is 6 a factor of 115445?
False
Does 73 divide 405004?
True
Is 20 a factor of 45889?
False
Is 1381488 a multiple of 115?
False
Is 11 a factor of 5247?
True
Is 67 a factor of 465060?
False
Does 2 divide 2097965?
False
Is 10 a factor of 802240?
True
Is 53 a factor of 106954?
True
Is 23 a factor of 39123?
True
Is 32 a factor of 229276?
False
Does 56 divide 404432?
True
Is 221578 a multiple of 418?
False
Is 20698 a multiple of 3?
False
Is 9 a factor of 7075?
False
Is 17 a factor of 12632768?
True
Is 218 a factor of 340516?
True
Does 27 divide 1982286?
True
Does 37 divide 11311085?
True
Is 319 a factor of 1209242?
False
Is 716703 a multiple of 13?
True
Is 875011 a multiple of 126?
False
Is 156309 a multiple of 3?
True
Does 44 divide 20784?
False
Is 47 a factor of 15185244?
False
Is 1448149 a multiple of 323?
False
Is 10809 a multiple of 41?
False
Is 396 a factor of 776019?
False
Is 6 a factor of 366564?
True
Is 265008 a multiple of 139?
False
Does 12 divide 464520?
True
Does 64 divide 23488?
True
Does 267 divide 90490?
False
Does 217 divide 2063887?
True
Does 248 divide 2507174?
False
Is 15 a factor of 518490?
True
Is 2865634 a multiple of 10?
False
Is 2 a factor of 175517?
False
Does 42 divide 208857?
False
Is 41 a factor of 12925?
False
Is 36042 a multiple of 6?
True
Does 50 divide 349042?
False
Is 396623 a multiple of 215?
False
Is 187434 a multiple of 267?
True
Does 49 divide 1103970?
True
Is 70 a factor of 137200?
True
Does 159 divide 8197881?
True
Does 141 divide 164850?
False
Is 1213905 a multiple of 15?
True
Is 524 a factor of 2172504?
True
Does 16 divide 101367?
False
Is 154 a factor of 45231?
False
Is 11520 a multiple of 5?
True
Does 59 divide 85107?
False
Is 19 a factor of 266152?
True
Does 90 divide 15533815?
False
Is 245726 a multiple of 13?
True
Is 50 a factor of 2967000?
True
Is 622 a factor of 1867244?
True
Does 64 divide 13448128?
True
Is 8600020 a multiple of 572?
True
Does 11 divide 19377006?
True
Is 117650 a multiple of 50?
True
Does 284 divide 851756?
False
Does 9 divide 191727?
True
Does 219 divide 35036?
False
Does 13 divide 2194673?
True
Does 117 divide 36877137?
False
Is 1865565 a multiple of 9?
True
Does 9 divide 431973?
True
Does 163 divide 982401?
True
Does 17 divide 192111?
False
Is 70091 a multiple of 125?
False
Is 1855795 a multiple of 37?
False
Is 4130 a multiple of 35?
True
Is 418529 a multiple of 167?
False
Is 703188 a multiple of 36?
True
Is 6501870 a multiple of 414?
True
Does 124 divide 12144278?
False
Does 35 divide 114642?
False
Does 8 divide 40656?
True
Is 47 a factor of 69795?
True
Is 737599 a multiple of 13?
False
Is 2691 a factor of 18274581?
True
Does 59 divide 119593?
True
Is 3 a factor of 568957?
False
Is 8 a factor of 75221?
False
Is 28 a factor of 46116?
True
Is 129200 a multiple of 16?
True
Is 11 a factor of 2494330?
False
Does 5 divide 79225?
True
Does 43 divide 5883620?
False
Is 220771 a multiple of 5?
False
Is 20 a factor of 133180?
True
Is 15 a factor of 48687?
False
Is 188 a factor of 2003892?
True
Does 24 divide 1399752?
True
Is 32 a factor of 417120?
True
Is 37 a factor of 53391?
True
Is 309 a factor of 144612?
True
Is 1694814 a multiple of 66?
True
Does 34 divide 3794070?
False
Is 22 a factor of 3984?
False
Is 45938 a multiple of 2?
True
Is 40 a factor of 740857?
False
Is 62 a factor of 937378?
True
Does 8 divide 164024?
True
Is 30399 a multiple of 27?
False
Is 15790880 a multiple of 115?
True
Is 166 a factor of 12182242?
True
Does 52 divide 49088?
True
Is 3887442 a multiple of 37?
True
Is 371 a factor of 106925?
False
Is 120960 a multiple of 18?
True
Is 16 a factor of 10166?
False
Does 24 divide 206496?
True
Does 335 divide 4365194?
False
Is 4339785 a multiple of 15?
True
Is 67 a factor of 177777?
False
Does 26 divide 9380323?
False
Is 111 a factor of 4386349?
False
Is 2 a factor of 16551?
False
Does 142 divide 68586?
True
Is 1944615 a multiple of 43?
False
Is 158478 a multiple of 8?
False
Is 197 a factor of 390848?
True
Is 157176 a multiple of 36?
True
Does 26 divide 88296?
True
Is 3741178 a multiple of 27?
False
Is 159120 a multiple of 260?
True
Does 2 divide 2452905?
False
Does 13 divide 1560171?
False
Is 3646905 a multiple of 403?
False
Does 273 divide 1906093?
False
Does 6 divide 80520?
True
Is 270000 a multiple of 225?
True
Is 130 a factor of 226720?
True
Does 21 divide 142542?
False
Is 6 a factor of 46038?
True
Does 339 divide 452226?
True
Is 6918421 a multiple of 95?
False
Does 121 divide 6381897?
False
Does 20 divide 42135?
False
Is 7 a factor of 2014173?
True
Is 45 a factor of 51549?
False
Is 13 a factor of 144720?
False
Is 38 a factor of 886882?
True
Is 457529 a multiple of 66?
False
Does 89 divide 943222?
True
Is 308 a factor of 384692?
True
Is 3796949 a multiple of 13?
True
Is 15842848 a multiple of 1712?
True
Does 140 divide 95200?
True
Is 21348975 a multiple of 15?
True
Does 2050 divide 9778500?
True
Is 297 a factor of 231936?
False
Is 2 a factor of 64111?
False
Is 4220100 a multiple of 540?
True
Does 318 divide 1833222?
False
Does 314 divide 258108?
True
Does 10 divide 300731?
False
Is 249777 a multiple of 33?
True
Is 219874 a multiple of 223?
False
Does 944 divide 1169058?
False
Is 7 a factor of 1529238?
False
Is 8 a factor of 1542106?
False
Is 1412563 a multiple of 541?
False
Is 520 a factor of 7092280?
True
Is 60270 a multiple of 21?
True
Is 90585 a multiple of 33?
True
Does 24 divide 502824?
True
Does 392 divide 2588023?
False
Does 21 divide 16815?
False
Is 31 a factor of 72447?
True
Does 191 divide 1068454?
True
Is 16 a factor of 542913?
False
Does 14 divide 34102?
False
Is 8 a factor of 98240?
True
Is 147 a factor of 15141?
True
Is 17934 a multiple of 61?
True
Is 466031 a multiple of 227?
True
Is 289336 a multiple of 152?
False
Does 34 divide 268997?
False
Is 422347 a multiple of 8?
False
Is 10 a factor of 210?
True
Does 12 divide 757236?
True
Is 12 a factor of 12005436?
True
Is 721544 a multiple of 47?
True
Is 47 a factor of 1685005?
False
Is 462201 a multiple of 51?
False
Does 448 divide 251740?
False
Does 43 divide 190275?
True
Is 65 a factor of 73385?
True
Does 13 divide 375578?
False
Is 578862 a multiple of 9?
True
Is 21 a factor of 13742463?
True
Is 21699272 a multiple of 2328?
False
Is 109997 a multiple of 174?
False
Is 15 a factor of 8899050?
True
Does 206 divide 1564982?
True
Is 441710 a multiple of 28?
False
Is 32682 a multiple of 39?
True
Does 107 divide 644636?
False
Is 444 a factor of 363636?
True
Is 25 a factor of 33544?
False
Does 33 divide 8212885?
False
Is